mmon divisor of 6988 and 48.
4
What is the highest common divisor of 293997 and 13629?
1947
What is the greatest common divisor of 89 and 26255?
89
What is the greatest common divisor of 3979697 and 647?
647
Calculate the greatest common divisor of 378741 and 506.
253
What is the highest common divisor of 36036 and 962?
26
Calculate the highest common factor of 348701 and 478.
239
Calculate the greatest common divisor of 131555 and 5727.
83
Calculate the highest common divisor of 191204 and 156.
52
Calculate the greatest common divisor of 612225 and 30.
15
What is the greatest common factor of 45168 and 48?
48
What is the highest common factor of 33 and 215754?
33
Calculate the greatest common factor of 24 and 474684.
12
What is the greatest common factor of 2380 and 1610?
70
What is the greatest common factor of 6 and 84204?
6
What is the highest common factor of 15158 and 6292?
286
Calculate the greatest common factor of 142 and 85058.
142
Calculate the greatest common divisor of 539556 and 16.
4
What is the highest common factor of 316206 and 330?
66
Calculate the highest common divisor of 14872 and 216.
8
What is the greatest common divisor of 70 and 81190?
10
Calculate the highest common factor of 5542 and 442.
34
What is the greatest common divisor of 1410 and 12?
6
Calculate the greatest common factor of 1353 and 16797.
33
What is the highest common factor of 335567 and 2?
1
Calculate the greatest common divisor of 2840 and 17395.
355
What is the highest common factor of 70 and 149830?
10
What is the greatest common divisor of 177247 and 7?
7
What is the highest common factor of 3740 and 1265?
55
What is the greatest common divisor of 21321 and 279?
9
Calculate the greatest common factor of 111580 and 280.
140
What is the greatest common factor of 341517 and 3144?
393
Calculate the highest common factor of 637 and 111083.
49
What is the greatest common divisor of 92 and 7882284?
92
Calculate the greatest common divisor of 68 and 109786.
34
Calculate the greatest common divisor of 10152 and 108852.
564
Calculate the highest common factor of 381 and 2220087.
381
What is the greatest common factor of 446423 and 3093?
1031
What is the highest common divisor of 104 and 5824?
104
Calculate the highest common divisor of 2201 and 1.
1
What is the greatest common factor of 3176 and 16608?
8
What is the highest common divisor of 267519 and 35?
7
What is the highest common divisor of 4023 and 9720?
27
What is the highest common factor of 2 and 4943?
1
What is the greatest common factor of 15075 and 150?
75
Calculate the highest common divisor of 67 and 474293.
67
Calculate the greatest common divisor of 65274 and 194810.
506
Calculate the greatest common factor of 4720 and 534245.
295
Calculate the greatest common factor of 7685 and 18550.
265
What is the highest common factor of 62 and 5301899?
31
Calculate the greatest common factor of 13282 and 638.
58
Calculate the highest common factor of 26628 and 191785.
317
Calculate the greatest common factor of 62 and 2571109.
31
Calculate the highest common divisor of 10416 and 8091.
93
What is the highest common divisor of 220 and 75075?
55
What is the greatest common factor of 1020 and 3767880?
1020
Calculate the highest common divisor of 2015 and 20305.
155
Calculate the greatest common factor of 154 and 9198.
14
Calculate the highest common divisor of 113520 and 718080.
2640
Calculate the greatest common factor of 3360 and 388560.
240
Calculate the greatest common divisor of 20972 and 392.
196
Calculate the highest common factor of 5654 and 297.
11
Calculate the highest common factor of 323921 and 13.
13
What is the greatest common divisor of 735 and 1820?
35
Calculate the highest common divisor of 156 and 3067740.
156
What is the greatest common factor of 649161 and 54?
27
Calculate the greatest common factor of 572077 and 397.
397
Calculate the highest common divisor of 7424 and 35840.
256
Calculate the greatest common divisor of 2064 and 59684.
172
Calculate the highest common factor of 709110 and 120.
30
What is the greatest common divisor of 20 and 1280?
20
What is the highest common divisor of 72 and 62658?
18
What is the greatest common factor of 125023 and 109?
109
What is the greatest common factor of 4108 and 221?
13
What is the highest common divisor of 81 and 47331?
27
What is the highest common divisor of 1752 and 29638?
146
Calculate the greatest common divisor of 41067 and 6.
3
What is the highest common factor of 4470 and 300?
30
What is the highest common divisor of 1278271 and 1119?
373
What is the greatest common factor of 522 and 172782?
522
What is the highest common factor of 1003 and 1593?
59
What is the greatest common divisor of 1170 and 51090?
390
What is the greatest common divisor of 20 and 4496?
4
Calculate the highest common factor of 349469 and 153.
17
Calculate the highest common factor of 89158 and 32.
2
What is the greatest common factor of 4199 and 12350?
247
Calculate the greatest common divisor of 112 and 8692.
4
Calculate the highest common divisor of 463 and 76.
1
Calculate the highest common divisor of 282 and 399218.
94
Calculate the greatest common divisor of 70569 and 72.
9
What is the highest common factor of 15 and 140316?
3
Calculate the greatest common divisor of 162351 and 252.
63
What is the highest common factor of 821730 and 12298?
1118
What is the highest common factor of 6300 and 28917?
63
Calculate the highest common divisor of 11 and 2926011.
11
Calculate the greatest common factor of 776 and 184.
8
Calculate the highest common divisor of 3886 and 75442.
134
Calculate the highest common factor of 191680 and 1920.
320
Calculate the highest common factor of 3078 and 5670.
162
Calculate the highest common factor of 6 and 167658.
6
Calculate the highest common divisor of 73514 and 35105.
413
What is the highest common factor of 118 and 2806?
2
What is the greatest common divisor of 364 and 4486209?
91
Calculate the greatest common divisor of 3835 and 3540.
295
Calculate the highest common divisor of 728 and 1734824.
728
Calculate the highest common divisor of 113319 and 648.
81
Calculate the greatest common divisor of 141 and 822.
3
Calculate the greatest common divisor of 2709 and 133343.
301
What is the highest common divisor of 120 and 2268?
12
What is the greatest common factor of 2052 and 1076274?
1026
Calculate the highest common divisor of 22248 and 5076.
108
What is the greatest common divisor of 450 and 657090?
90
What is the highest common factor of 1333053 and 1314?
657
What is the highest common divisor of 244628 and 184?
92
What is the greatest common divisor of 37457 and 847?
7
Calculate the highest common divisor of 81419 and 260.
13
Calculate the greatest common factor of 39171 and 88.
11
Calculate the greatest common factor of 3288105 and 1642.
821
Calculate the greatest common factor of 258 and 9402.
6
Calculate the greatest common divisor of 144083 and 13261.
149
What is the highest common factor of 213411 and 66?
33
What is the highest common divisor of 22 and 792363?
11
Calculate the highest common factor of 314167 and 1258.
37
What is the greatest common divisor of 16206 and 3504?
438
What is the highest common divisor of 2533888 and 49?
49
What is the greatest common factor of 7735 and 170?
85
Calculate the highest common divisor of 8139 and 51.
3
Calculate the greatest common factor of 171 and 3658887.
171
What is the greatest common divisor of 26676 and 108?
108
What is the highest common factor of 318 and 116547?
159
What is the highest common factor of 4295900 and 323?
323
What is the highest common factor of 56327 and 115?
23
Calculate the greatest common factor of 1875 and 492825.
75
What is the greatest common divisor of 250 and 6640?
10
What is the highest common divisor of 1107 and 604299?
123
What is the highest common factor of 799273 and 23?
23
Calculate the greatest common factor of 3810 and 252.
6
Calculate the greatest common factor of 121 and 64867.
11
Calculate the highest common factor of 624 and 429.
39
What is the greatest common factor of 11250 and 14850?
450
Calculate the highest common divisor of 47554 and 108914.
1534
Calculate the greatest common divisor of 213 and 7444137.
213
What is the greates